t be ((-7)/(-3) + -2)*-3*-2. Let m be (3 - 2/(-4))*t. Let j(y) = 2*y - 10. Determine j(m).
4
Let w(f) = -f + 4*f - 5*f - 2 + 4*f. Let n be w(3). Let i(h) = -100 + 99 + 0*h - h. Determine i(n).
-5
Let g = 3 - -1. Suppose 5*q + g*s = 47, -3*s - 40 = -5*q - 14. Let y = -9 + q. Let b(w) = -2*w - 1. Determine b(y).
3
Let v be 6/(-14) + 120/35. Let f(a) = -3*a**v - 9*a**3 + 0 + 1 + 5*a**3. What is f(1)?
-6
Let g(r) = r - 5. Let a be -1 + 0/(4/(-2)) + 5. Suppose 7*i - a*i = 0. Calculate g(i).
-5
Let h(r) = -2 - r**3 + 0*r**2 - 2*r**2 + r - r**2. Suppose 90*d + 158 = -22. Give h(d).
-8
Let f(r) be the second derivative of -r + 1/6*r**3 + 0 + 1/20*r**5 + 1/2*r**4 + 3/2*r**2. Calculate f(-6).
-3
Let q(o) be the first derivative of -o**4/2 - o**3 - 3*o**2/2 + 38. Give q(-2).
10
Let c(z) = -156*z - 157*z - 155*z + 469*z - 13. Calculate c(4).
-9
Let x = -398 + 395. Let z(b) be the first derivative of -b**2 + 2*b + 1. Give z(x).
8
Let w(a) = -48*a**2 + 467*a - 46*a**2 + 93*a**2 - 454*a - 7. What is w(13)?
-7
Let p = 0 - 0. Suppose -5*z + 4*v = -41, 8 + 14 = 3*z - 5*v. Let j(a) = z + a + 112*a**2 - 111*a**2 + 6 - a**3 - 8. What is j(p)?
7
Suppose 5*l - 53 = -18*m + 25*m, -m = -5*l + 29. Let u(v) = v - 1 - 3 - 1. Give u(l).
0
Let t(j) = -3*j**2 - 2*j + 2. Let s = 466 + -469. Give t(s).
-19
Let c(k) = -2*k**2 - 15*k - 7. Let h be (10/4 + 1)/((-13)/26). What is c(h)?
0
Let v(a) = a**3 - 6*a**2 - a + 6. Let u = -81 - -121. Let m = u - 34. Give v(m).
0
Let w(g) = 7 + g**3 - 100*g**2 - 4 + 99*g**2. Suppose -b = -2*b. Determine w(b).
3
Let r(g) = -2*g**2 + 3*g**2 + g**2 - 5*g + 1 + 0*g. Suppose 5*b = 5*u - 4 - 1, -4*b = -2*u - 4. Calculate r(u).
13
Let v(i) be the second derivative of -i**4/12 - i**3/3 + i**2/2 + 5*i. Suppose 3*b + r = -r, 0 = 5*b - 4*r - 22. What is v(b)?
-7
Let n(x) be the third derivative of -3*x**4/8 - 10*x**3 + 322*x**2 + 1. What is n(-6)?
-6
Let n = 19 + -23. Let g be 0*((-2)/n + 0). Suppose g*s + 2*s - 12 = 0. Let i(u) = u**2 - 7*u + 7. What is i(s)?
1
Let m(c) be the first derivative of -c**6/120 + 2*c**5/15 - c**4/24 - 3*c**3/2 + 39*c**2/2 + 40. Let h(u) be the second derivative of m(u). Give h(8).
-17
Let d(u) = 4*u - u - 3*u**2 + 3502 + u**3 - 3499. What is d(3)?
12
Let d be 3/12 - 126/(-8). Let x be d*1*(3 + -2). Let k(z) = -8*z - 6*z + 5 + x*z. Calculate k(-4).
-3
Let k(w) = -7*w**3 - 11*w**2 + 2*w - 2. Let c(y) = 5*y**3 + 10*y**2 - 3*y + 2. Let q(u) = -4*c(u) - 3*k(u). Give q(6).
-2
Let j(f) = -30*f + 5. Let r(q) = 14*q - 2. Let g(n) = 4*j(n) + 10*r(n). Give g(1).
20
Let k(j) be the second derivative of 5*j**3/3 + 23*j**2/2 + 629*j. What is k(-2)?
3
Let z(b) = b - 1. Let v(y) = -8*y - 10. Let j(f) = v(f) + 5*z(f). Give j(-8).
9
Let a(d) = -5*d - 3. Let p = -169 + 163. Give a(p).
27
Let g(l) = -l**3 - 2*l**2 - 2*l - 1. Suppose 5*c + 9 = 2*c. Let s be 1/c + 8/(-12). Give g(s).
0
Suppose 3*s - 5*j = 5*s + 12, 5*s + j - 16 = 0. Let t be (5 - 2)/3*-1. Let g(z) = -4*z + 2. Let i(a) = -a + 1. Let q(f) = t*i(f) + g(f). Determine q(s).
-11
Let k(c) = 2*c - 9. Let m(f) = 1. Let n = -4 + 5. Let h(b) = n*k(b) + 5*m(b). Calculate h(4).
4
Let f(g) be the second derivative of -3*g**5/20 - g**4/12 + g**3/2 - g**2/2 + 93*g. Give f(2).
-23
Let c(x) = -x**3 + 8*x**2 + x + 1. Let b(v) = 3*v**3 - 17*v**2 - 2*v - 2. Let g(r) = -2*b(r) - 5*c(r). Give g(-4).
-29
Let o(u) be the first derivative of -u**4/4 - 2*u**3/3 + 7*u**2/2 + 3*u + 102. Determine o(-3).
-9
Let q(j) = 17*j**2 + 3*j - 10. Let r(p) = 10*p**2 + 2*p - 5. Let b(k) = 3*q(k) - 5*r(k). What is b(4)?
7
Let n be -15*1*(10/(-3))/5. Suppose -16 = 2*t - n. Let h(y) = 2*y**2 + 4*y + 4. Calculate h(t).
10
Let w(q) be the third derivative of q**5/60 + q**4/4 + 2*q**3 + 156*q**2. What is w(-6)?
12
Suppose -5*n = 0, 4*f + 0*f - 16 = 3*n. Let s(d) be the third derivative of 0 - 2*d**2 + 0*d + 1/8*d**4 - 1/3*d**3. Calculate s(f).
10
Let x = 14 + -3. Let h = x + -6. Let d(f) = f**3 - 5*f**2 - f - 2. Determine d(h).
-7
Let z(u) = 3*u - 6. Let p(d) = -5*d + 18. Let c be p(3). What is z(c)?
3
Let q(l) = 2*l + 11. Let a(k) = k + 6. Let g(j) = -7*a(j) + 4*q(j). Let n be g(0). Let t(c) = 4 + n*c + 1 - 3 + 2. Determine t(-3).
-2
Let i = -36 + 41. Let p(f) be the second derivative of f**4/12 - f**3 + 3*f**2 + 17*f. Determine p(i).
1
Let u = -568 - -573. Let v(n) = -n**3 + 4*n**2 + 4*n - 2. Determine v(u).
-7
Let i(q) be the third derivative of -q**9/60480 + q**7/5040 - q**6/120 - 41*q**5/60 + 16*q**2. Let p(v) be the third derivative of i(v). Give p(0).
-6
Let i(s) = 7*s**2 + 10*s - 1. Let m(l) = -6*l**2 - 9*l + 2. Let r(n) = 5*i(n) + 6*m(n). Give r(-5).
2
Let d(r) = r + 1. Let f(j) = 9*j**2 - 9*j + 2. Let y be f(4). Let g = y + -109. Determine d(g).
2
Let v = -499 + 502. Let p(g) be the first derivative of 1/3*g**v + 10 - 4*g - 3*g**2. Give p(6).
-4
Let s(m) be the second derivative of -7*m**3/6 - m**2 - 97*m. Determine s(-2).
12
Let x(h) = h**2 - 5*h + 6. Let t(o) = -o**2 - 4*o + 2. Let u be t(-2). Determine x(u).
12
Let q = 343 - 359. Let p(a) = a**2 + 16*a + 1. Give p(q).
1
Let j(w) = -w**2 + 3*w + 3. Suppose -4*r + 6*t = t - 25, -r + 4*t = -20. Let d(x) = -2*x + 25. Let c be d(r). Let o = c - 20. Give j(o).
-7
Let m be 2 + (-24)/(-72) + 10/6. Let c(b) = -b**3 + 3*b**2 + 6*b - 6. Give c(m).
2
Let w(v) = v**3 - 5*v**2 - 3*v + 3. Suppose 42 = 8*l - 6. What is w(l)?
21
Let c(d) be the first derivative of -d**7/840 + d**6/90 + d**4/6 - 11*d**3/3 - 7. Let r(h) be the third derivative of c(h). Let m be (-6)/(1/2*-3). Give r(m).
4
Let a(h) = -h**2 + 13*h + 18. Let t = 904 - 890. What is a(t)?
4
Let v(n) = -8*n + 0*n**2 + n**2 + 3 + 6. Suppose 2*m + 3*y = 15, -5*m - 8 = y - 39. Give v(m).
-3
Let y(n) = -12*n**2 - n + 14. Let m(o) = -25*o**2 - 3*o + 29. Let c(t) = 2*m(t) - 5*y(t). Let p(g) be the first derivative of c(g). Give p(1).
19
Let b(v) = 5*v - 14. Let c(y) = 2*y - 5. Suppose 4*u + 224 = -0*u. Let f = -39 - u. Let x(h) = f*c(h) - 6*b(h). Determine x(-1).
-5
Let u(y) be the second derivative of -y**4/12 - 2*y**3/3 + 5*y**2/2 + y - 8. Let j = -25 + 15. Let v be 44/j + (-4)/(-10). Give u(v).
5
Let n(a) = -a**3 - a**2 - a. Let u(m) = -2*m**3 - 2*m**2 - 3*m - 1. Let k = 41 - 40. Let i(o) = k*u(o) - 3*n(o). Give i(0).
-1
Let o be (-25)/(-9) - 2/(-9). Suppose -o*u = -8 + 2. Let g(p) = p**3 - 2*p**u + 3 - p - 3 + 3*p**2 - 1. Give g(-2).
-3
Let m(l) be the first derivative of -2*l**2 - 37*l - 174. Determine m(-7).
-9
Suppose 240 = -40*o + 16*o. Let a(g) = 2*g**2 + 2 + 5 + 10*g - g**2 + 0*g**2. Give a(o).
7
Let m(w) = 2*w + 4. Suppose 0 = 6*f - 9*f - 5*t - 1, -3*t - 3 = f. Give m(f).
10
Let v(u) be the third derivative of -13/60*u**5 + 0 - 14*u**2 + 0*u + 0*u**3 + 0*u**4. Determine v(-1).
-13
Let h(u) = u**2 + 3*u. Let q = 7 - 5. Let i be (13 + -17)*q/4. Calculate h(i).
-2
Let h(n) be the third derivative of 0*n + 1/3*n**4 + 1/60*n**5 - 32*n**2 + n**3 + 0. Calculate h(-8).
6
Let j be 25/5 - 2*(-9)/(-6). Let q be j/(-15) + (-1612)/(-390). Let n(h) = h**2 - 6*h - 3. Calculate n(q).
-11
Let t be (3 - (-1)/(-1))/((-18)/(-117)). Suppose -38 = -5*y - t. Let b(m) = 2*m**2 - 8*m + 3. Determine b(y).
13
Suppose 0 = -2*v + 3*j - 13, 5*v + 5*j + 76 + 19 = 0. Let l(n) = -2*n - 22. Let w be l(v). Let h(o) = -o**3 + 6*o**2 - 3*o + 9. Give h(w).
-9
Let p(l) = 5*l**2. Let s(z) = z**2. Let c(v) = p(v) + 3*s(v). Let j(o) = o + 9. Let a be j(3). Suppose -a + 7 = -5*u. Determine c(u).
8
Let f(x) be the third derivative of -x**4/24 + 5*x**3/6 + 114*x**2. Calculate f(-10).
15
Suppose -3*g - 1 + 7 = 0. Let u(o) = 3*o + 1. Let l(w) = w**2 - 3*w. Let y(q) = g*u(q) + 3*l(q). Suppose 17*m - 27 - 7 = 0. Give y(m).
8
Suppose 4*h + 3*i = 35, -3*h - 2*i + 9 = -16. Suppose 16 = h*k - 13*k. Let g(r) = r**3 + r**2 - r - 1. Determine g(k).
-3
Let x(s) = s**2 + 22*s + 120. Let m be x(-10). Let t(r) = r**3 + r**2 - r + 9. What is t(m)?
9
Let w(s) = s**2 - 3*s. Let r be 5 + -2*1/2. Suppose 5*h = -o + 20, o = -r*h - 3 + 20. Calculate w(h).
0
Let z(w) = -1 - 2*w**2 - 8*w**3 + 4*w**3 + 2*w**3 + w. Let o be z(-2). Let m(v) = v**2 - 4*v - 6. Determine m(o).
-1
Let p(x) = -2*x**2 + 7*x + 2. Let k(n) = -13*n + 30. Let d be k(2). Calculate p(d).
-2
Let p(h) = 3*h**3 - 3*h**2 + 2*h - 9. Let w(b) = b**3 - b**2 + b - 6. Let i(n) = 2*p(n) - 5*w(n). What is i(0)?
12
Sup